{"id":275,"date":"2023-11-29T22:28:37","date_gmt":"2023-11-29T21:28:37","guid":{"rendered":"https:\/\/www.us-saintgilles35.org\/?page_id=275"},"modified":"2025-03-08T14:38:54","modified_gmt":"2025-03-08T13:38:54","slug":"cyclo","status":"publish","type":"page","link":"https:\/\/www.us-saintgilles35.org\/index.php\/les-sections\/cyclo\/","title":{"rendered":"Cyclo"},"content":{"rendered":"\n<blockquote class=\"wp-block-quote is-layout-flow wp-block-quote-is-layout-flow\" id=\"pr\u00e9sentation\">\n<p>Acc\u00e8s rapide :<\/p>\n<cite><em><a href=\"https:\/\/www.us-saintgilles35.org\/wp-content\/uploads\/2024\/12\/Carnet-de-route-2025.pdf\" data-type=\"page\" data-id=\"1024\" target=\"_blank\" rel=\"noreferrer noopener\">Planning<\/a> |  <a href=\"https:\/\/ussg.monclub.app\/\" target=\"_blank\" rel=\"noreferrer noopener\">Adh\u00e9sion<\/a><\/em> | <a href=\"https:\/\/www.us-saintgilles35.org\/wp-content\/uploads\/2025\/03\/randonnee-ille-et-vilaine-2025-1-1-1.pdf\" data-type=\"link\" data-id=\"https:\/\/www.us-saintgilles35.org\/wp-content\/uploads\/2025\/03\/randonnee-ille-et-vilaine-2025-1-1-1.pdf\" target=\"_blank\" rel=\"noreferrer noopener\">Randonn\u00e9es 35<\/a> | <a href=\"https:\/\/ussgsectioncyclo.wordpress.com\/\" data-type=\"link\" data-id=\"https:\/\/ussgsectioncyclo.wordpress.com\/\" target=\"_blank\" rel=\"noreferrer noopener\">Le site des adh\u00e9rents<\/a><\/cite><\/blockquote>\n\n\n\n<figure class=\"wp-block-gallery has-nested-images columns-default is-cropped wp-block-gallery-1 is-layout-flex wp-block-gallery-is-layout-flex\">\n<figure class=\"wp-block-image size-large\"><img loading=\"lazy\" decoding=\"async\" width=\"1024\" height=\"613\" data-id=\"1017\" src=\"https:\/\/www.us-saintgilles35.org\/wp-content\/uploads\/2025\/03\/LES-ADHERENTS-CYCLOS-1024x613.jpg\" alt=\"\" class=\"wp-image-1017\" srcset=\"https:\/\/www.us-saintgilles35.org\/wp-content\/uploads\/2025\/03\/LES-ADHERENTS-CYCLOS-1024x613.jpg 1024w, https:\/\/www.us-saintgilles35.org\/wp-content\/uploads\/2025\/03\/LES-ADHERENTS-CYCLOS-300x180.jpg 300w, https:\/\/www.us-saintgilles35.org\/wp-content\/uploads\/2025\/03\/LES-ADHERENTS-CYCLOS-768x460.jpg 768w, https:\/\/www.us-saintgilles35.org\/wp-content\/uploads\/2025\/03\/LES-ADHERENTS-CYCLOS-1536x919.jpg 1536w, https:\/\/www.us-saintgilles35.org\/wp-content\/uploads\/2025\/03\/LES-ADHERENTS-CYCLOS-2048x1225.jpg 2048w, https:\/\/www.us-saintgilles35.org\/wp-content\/uploads\/2025\/03\/LES-ADHERENTS-CYCLOS-445x265.jpg 445w\" sizes=\"auto, (max-width: 1024px) 100vw, 1024px\" \/><\/figure>\n<\/figure>\n\n\n\n<h2 class=\"wp-block-heading\">Pr\u00e9sentation<\/h2>\n\n\n\n<p>Notre section a pour but de rassembler les amoureux de la bicyclette qui souhaitent faire du v\u00e9lo en club.<\/p>\n\n\n\n<p>Elle propose des sorties en groupes de diff\u00e9rents niveaux pour une pratique du v\u00e9lo, en mode balade, randonn\u00e9e ou sport. Les sorties group\u00e9es du club sont propos\u00e9es les lundis, jeudis et samedis apr\u00e8s-midi, ainsi que le dimanche matin.<\/p>\n\n\n\n<p>Notre section \u00e9tant affili\u00e9e \u00e0 la <strong><a href=\"https:\/\/ffvelo.fr\/\" data-type=\"link\" data-id=\"https:\/\/ffvelo.fr\/\" target=\"_blank\" rel=\"noreferrer noopener\">FFV\u00e9lo<\/a><\/strong> ou FFCT (F\u00e9d\u00e9ration Fran\u00e7aise du CycloTourisme), ses adh\u00e9rents licenci\u00e9s FFCT peuvent b\u00e9n\u00e9ficier de toutes les activit\u00e9s propos\u00e9es par celle-ci (<strong><a href=\"http:\/\/www.ffct-codep35.org\/\" data-type=\"link\" data-id=\"http:\/\/www.ffct-codep35.org\/\" target=\"_blank\" rel=\"noreferrer noopener\">FFCT codep 35<\/a><\/strong>).<\/p>\n\n\n\n<p>La section participe \u00e0 diverses manifestations cyclotouristes organis\u00e9es par les clubs voisins. Elle en organise elle-m\u00eame, telle <strong>\u00ab&nbsp;La Rive du Lou&nbsp;\u00bb et \u00ab&nbsp;Le Souvenir Henri Vasseur&nbsp;\u00bb<\/strong>, ainsi que diverses sorties touristiques.<\/p>\n\n\n\n<p>Dynamique, la section est aussi appr\u00e9ci\u00e9e pour son esprit d\u2019accueil et de camaraderie, organisant divers moments de convivialit\u00e9&nbsp;: week-end familial, soir\u00e9e de fin de saison. &nbsp;<\/p>\n\n\n\n<p>Pour ceux et celles qui souhaiteraient tester avant d\u2019adh\u00e9rer, le club offre 2 \u00e0 3 sorties d\u2019essai. C\u2019est l\u2019occasion de s\u2019essayer \u00e0 la pratique du v\u00e9lo en groupe, d\u2019\u00e9valuer son niveau et de go\u00fbter \u00e0 l\u2019ambiance du club.<\/p>\n\n\n\n<p>Pour de plus amples renseignements, contacter Jo\u00ebl ALLAIN \u2013 06 01 64 35 31 ou <a href=\"mailto:joelallain@wanadoo.fr\" target=\"_blank\" rel=\"noreferrer noopener\">joelallain@wanadoo.fr<\/a>&nbsp;<\/p>\n\n\n\n<h2 class=\"wp-block-heading\">Pr\u00e9sentation du bureau<\/h2>\n\n\n\n<figure class=\"wp-block-table is-style-stripes\"><table class=\"has-fixed-layout\"><tbody><tr><td class=\"has-text-align-left\" data-align=\"left\">&nbsp; Responsable section<\/td><td>&nbsp; Jo\u00ebl ALLAIN<\/td><td>&nbsp; 06 01 64 35 31<\/td><td><a href=\"mailto:joelallain@wanadoo.fr\" target=\"_blank\" rel=\"noreferrer noopener\">joelallain@wanadoo.fr<\/a><\/td><\/tr><tr><td class=\"has-text-align-left\" data-align=\"left\">&nbsp; Secr\u00e9taire<\/td><td>&nbsp; Christine HAUTECOEUR<\/td><td>&nbsp; 06 62 29 83 41<\/td><td><a href=\"mailto:christine.chti59@hotmail.fr\" target=\"_blank\" rel=\"noreferrer noopener\">christine.chti59@hotmail.fr<\/a><\/td><\/tr><tr><td class=\"has-text-align-left\" data-align=\"left\">&nbsp; Tr\u00e9sorier<\/td><td>&nbsp; Bernard JOUANNIC<\/td><td>&nbsp; 07 82 14 88 17<\/td><td>&nbsp; <a href=\"mailto:bernard.jouannic@gmail.com\" target=\"_blank\" rel=\"noreferrer noopener\">bernard.jouannic@gmail.com<\/a><\/td><\/tr><tr><td class=\"has-text-align-left\" data-align=\"left\">&nbsp; D\u00e9l\u00e9gu\u00e9 s\u00e9curit\u00e9<\/td><td>&nbsp; Pascal LEUZY<\/td><td>&nbsp; 06 62 49 49 39<\/td><td><a href=\"mailto:pascal.leuzy@club-internet.fr\" target=\"_blank\" rel=\"noreferrer noopener\">pascal.leuzy@club-internet.fr<\/a><\/td><\/tr><tr><td class=\"has-text-align-left\" data-align=\"left\">&nbsp; R\u00e9f\u00e9rent assurances<\/td><td>&nbsp; Jo\u00ebl ALLAIN<\/td><td>&nbsp; 06 01 64 35 31<\/td><td><a href=\"mailto:joelallain@wanadoo.fr\" target=\"_blank\" rel=\"noreferrer noopener\">joelallain@wanadoo.fr<\/a><\/td><\/tr><tr><td class=\"has-text-align-left\" data-align=\"left\">&nbsp; Repr\u00e9sentant au conseil des sections<\/td><td>Lionel HAMONIC<\/td><td> 06 46 72 84 56 &nbsp;<\/td><td><a href=\"mailto:lionel.hamonic66@gmail.com\" target=\"_blank\" rel=\"noreferrer noopener\">lionel.hamonic66@gmail.com<\/a><a href=\"mailto:guy.ruelland@gmail.com\"><\/a><\/td><\/tr><tr><td class=\"has-text-align-left\" data-align=\"left\">Enregistrement adh\u00e9sions club Enregistrement licences FFCT<\/td><td>Jo\u00ebl ALLAIN Christine HAUTECOEUR<\/td><td> 06 01 64 35 31 <br> 06 62 29 83 41<\/td><td><a href=\"mailto:joelallain@wanadoo.fr\" target=\"_blank\" rel=\"noreferrer noopener\">joelallain@wanadoo.fr<\/a><a href=\"mailto:christine.chti59@hotmail.fr\" target=\"_blank\" rel=\"noreferrer noopener\"> christine.chti59@hotmail.fr<\/a><\/td><\/tr><tr><td class=\"has-text-align-left\" data-align=\"left\">&nbsp; Gestionnaire \u00ab Mon Club \u00bb<\/td><td>&nbsp; Bernard JOUANNIC<\/td><td>&nbsp; 07 82 14 88 17<\/td><td>&nbsp; <a href=\"mailto:bernard.jouannic@gmail.com\" target=\"_blank\" rel=\"noreferrer noopener\">bernard.jouannic@gmail.com<\/a><\/td><\/tr><tr><td class=\"has-text-align-left\" data-align=\"left\">Carnet de parcours Calendrier annuel<\/td><td>&nbsp; Philippe MARZIN<br> Bernard JOUANNIC<\/td><td>&nbsp; 06 17 02 53 13 <br>  07 82 14 88 17<\/td><td><a href=\"mailto:phil.marzin@free.fr\" target=\"_blank\" rel=\"noreferrer noopener\">phil.marzin@free.fr<\/a> &nbsp;&nbsp; <a href=\"mailto:bernard.jouannic@gmail.com\" target=\"_blank\" rel=\"noreferrer noopener\">bernard.jouannic@gmail.com<\/a><\/td><\/tr><tr><td class=\"has-text-align-left\" data-align=\"left\">&nbsp; Commission \u00ab organisation des manifestations cyclotouristes \u00bb : Commission charg\u00e9e de l\u2019organisation g\u00e9n\u00e9rale des diverses manifestations cyclo sous l\u2019\u00e9gide de la section (Rive du Lou et autres&#8230;) <strong>&#8211; Coordonnateur : Guy<\/strong> &#8211; Assist\u00e9 de : Pascal, Didier, R\u00e9mi et autres membres au besoin<\/td><td>Guy RUELLAND <br>Pascal LEUZY <br>Didier EVEILLARD &nbsp;<br>R\u00e9mi GUINARD &nbsp; &nbsp;&nbsp;&nbsp;&nbsp;&nbsp;&nbsp;&nbsp;&nbsp;&nbsp; &nbsp;<\/td><td> 07 67 46 13 18<br> 06 62 49 49 39&nbsp;&nbsp;&nbsp;&nbsp;&nbsp;&nbsp;&nbsp;&nbsp;&nbsp; <br> 06 49 98 53 49 <br> 06 73 25 30 74<\/td><td><a href=\"mailto:guy.ruelland@gmail.com\">guy.<\/a><a href=\"mailto:guy.ruelland@gmail.com\" target=\"_blank\" rel=\"noreferrer noopener\">ruelland<\/a><a href=\"mailto:guy.ruelland@gmail.com\">@gmail.com<\/a> &nbsp;&nbsp; <a href=\"pascal.leuzy@club-internet.fr\" data-type=\"link\" data-id=\"pascal.leuzy@club-internet.fr\" target=\"_blank\" rel=\"noreferrer noopener\">pascal.leuzy@club-internet.fr <\/a><a href=\"eveillard.didier0908@gmail.com\" data-type=\"link\" data-id=\"eveillard.didier0908@gmail.com\" target=\"_blank\" rel=\"noreferrer noopener\">eveillard.didier0908@gmail.com &nbsp;<\/a>&nbsp;&nbsp;&nbsp; <a href=\"mailto:remi.guinard@gmail.com\" target=\"_blank\" rel=\"noreferrer noopener\">remi.guinard@gmail.com<\/a><\/td><\/tr><tr><td class=\"has-text-align-left\" data-align=\"left\">Commission \u00ab organisation des moments r\u00e9cr\u00e9atifs \u00bb : Commission charg\u00e9e de l\u2019organisation des moments r\u00e9cr\u00e9atifs sous l\u2019\u00e9gide de la section <strong>&#8211; Coordonnateur : Lionel<\/strong> &#8211; Assist\u00e9 de : Christine, Maryline, Bernard, Frank, Pascal et autres membres au besoin<\/td><td>Lionel HAMONIC<br>Christine HAUTECOEUR Maryline BELOEIL<br>Frank LE TALLEC <br>Pascal LEUZY<\/td><td>06 46 72 84 56 <br>06 62 29 83 41 <br>06 21 45 54 21 <br>06 86 38 00 86 <br>06 62 49 49 39<\/td><td><a href=\"lionel.hamonic66@gmail.com\" data-type=\"link\" data-id=\"lionel.hamonic66@gmail.com\" target=\"_blank\" rel=\"noreferrer noopener\">lionel.hamonic66@gmail.com <\/a><a href=\"mailto:christine.chti59@hotmail.fr\" target=\"_blank\" rel=\"noreferrer noopener\">christine.chti59@hotmail.fr<\/a><a href=\"mailto:marylinebeloeil@yahoo.com\" target=\"_blank\" rel=\"noreferrer noopener\"> marylinebeloeil@yahoo.com<\/a> <a href=\"flt@clience.com\" data-type=\"link\" data-id=\"flt@clience.com\" target=\"_blank\" rel=\"noreferrer noopener\">flt@clience.com <\/a><a href=\"mailto:pascal.leuzy@club-internet.fr\" target=\"_blank\" rel=\"noreferrer noopener\">pascal.leuzy@club-internet.fr<\/a><\/td><\/tr><tr><td class=\"has-text-align-left\" data-align=\"left\">Commission \u00ab communication \u00bb : Commission charg\u00e9e de la communication (blog site USSG, affiches, &#8230;) &#8211; <strong>Coordonnateur : Bernard<\/strong> &#8211; Assist\u00e9 de : Philippe, Christophe et autres membres au besoin<\/td><td>Bernard JOUANNIC<br>Philippe MARZIN<br>Christophe BRIAND<\/td><td> 07 82 14 88 17 <br> 06 17 02 53 13 <br> 06 11 12 74 49<\/td><td><a href=\"mailto:bernard.jouannic@gmail.com\" target=\"_blank\" rel=\"noreferrer noopener\">bernard.jouannic@gmail.com<\/a><a href=\"mailto:phil.marzin@free.fr\" target=\"_blank\" rel=\"noreferrer noopener\"> phil.marzin@free.fr<\/a> <a href=\"mailto:christ.briand@yahoo.fr\" target=\"_blank\" rel=\"noreferrer noopener\">christ.briand@yahoo.fr<\/a><\/td><\/tr><\/tbody><\/table><\/figure>\n\n\n\n<h2 class=\"wp-block-heading\" id=\"planning\">Comment adh\u00e9rer<\/h2>\n\n\n\n<p>Contacter<strong> Jo\u00ebl ALLAIN \u2013 06 01 64 35 31 \u2013 &nbsp;<\/strong><a href=\"mailto:joelallain@wanadoo.fr\" target=\"_blank\" rel=\"noreferrer noopener\"><strong>joelallain@wanadoo.fr<\/strong><\/a><strong> &nbsp;<\/strong><\/p>\n\n\n\n<p>La section tient un stand au forum des associations qui a lieu g\u00e9n\u00e9ralement chaque ann\u00e9e le premier samedi de septembre.<\/p>\n\n\n\n<p>Les adh\u00e9sions se font g\u00e9n\u00e9ralement en fin d\u2019ann\u00e9e pour la saison \u00e0 suivre, mais il est toujours possible d\u2019adh\u00e9rer en cours d\u2019ann\u00e9e.<\/p>\n\n\n\n<p><\/p>\n\n\n\n<h2 class=\"wp-block-heading\" id=\"planning\">Fonctionnement de la section<\/h2>\n\n\n\n<p>La section est une structure fonctionnelle de l\u2019association multisports UNION SPORTIVE SAINT-GILLES disposant de son autonomie d\u2019organisation pour la pratique de son sport et de son fonctionnement courant.&nbsp;<\/p>\n\n\n\n<p>Les adh\u00e9rents sont r\u00e9unis en assembl\u00e9e g\u00e9n\u00e9rale de section chaque ann\u00e9e fin novembre, durant laquelle il leur est pr\u00e9sent\u00e9 le bilan moral, d\u2019activit\u00e9s et financier de la saison pass\u00e9e et les projets pour la saison suivante.<\/p>\n\n\n\n<p>A cette occasion, ils \u00e9lisent les membres du bureau, lesquels constituent ensuite le bureau compos\u00e9 au minimum d\u2019un responsable de section, d\u2019un tr\u00e9sorier et d\u2019un secr\u00e9taire.<\/p>\n\n\n\n<p>Le bureau a vocation \u00e0 organiser la vie de la section, \u00e0 animer les activit\u00e9s entreprises et rendre compte \u00e0 l\u2019association USSG par l\u2019interm\u00e9diaire de ses repr\u00e9sentants. A cet effet, le bureau se r\u00e9unit une fois par mois.<\/p>\n\n\n\n<p>Les adh\u00e9rents sont inform\u00e9s r\u00e9guli\u00e8rement via une feuille d\u2019infos transmise mensuellement \u00e0 chaque adh\u00e9rent par mail.<\/p>\n\n\n\n<p>Pour les sorties group\u00e9es du club, un calendrier des sorties de club avec divers parcours est \u00e9tabli annuellement et transmis \u00e0 chaque adh\u00e9rent en d\u00e9but d\u2019ann\u00e9e.<\/p>\n\n\n\n<p>Le RDV des cyclos est g\u00e9n\u00e9ralement fix\u00e9 place de l\u2019\u00e9glise, \u00e0 13H30 pour les sorties en apr\u00e8s-midi et le dimanche matin \u00e0 8H30 ou 9H00 selon la saison \u2013 cf. calendrier annuel des sorties.&nbsp;&nbsp;&nbsp;&nbsp;<\/p>\n\n\n\n<div class=\"wp-block-buttons is-layout-flex wp-block-buttons-is-layout-flex\">\n<div class=\"wp-block-button is-style-outline is-style-outline--2\"><a class=\"wp-block-button__link wp-element-button\" href=\"https:\/\/www.us-saintgilles35.org\/wp-content\/uploads\/2024\/12\/Carnet-de-route-2025.pdf\" target=\"_blank\" rel=\"noreferrer noopener\">Le calendrier des sorties 2025<\/a><\/div>\n\n\n\n<div class=\"wp-block-button is-style-outline is-style-outline--3\"><a class=\"wp-block-button__link wp-element-button\" href=\"https:\/\/www.us-saintgilles35.org\/wp-content\/uploads\/2025\/03\/randonnee-ille-et-vilaine-2025-1-1-1.pdf\" target=\"_blank\" rel=\"noreferrer noopener\">Randonn\u00e9es Ille et Vilaine 2025<\/a><\/div>\n<\/div>\n\n\n\n<div class=\"wp-block-buttons is-layout-flex wp-block-buttons-is-layout-flex\">\n<div class=\"wp-block-button is-style-outline is-style-outline--4\"><a class=\"wp-block-button__link wp-element-button\" href=\"https:\/\/www.us-saintgilles35.org\/wp-content\/uploads\/2025\/03\/CARNET-DES-PARCOURS.pdf\" target=\"_blank\" rel=\"noreferrer noopener\">Le carnet des parcours<\/a><\/div>\n<\/div>\n\n\n\n<div class=\"wp-block-buttons is-layout-flex wp-block-buttons-is-layout-flex\">\n<div class=\"wp-block-button is-style-outline is-style-outline--5\"><a class=\"wp-block-button__link wp-element-button\" href=\"https:\/\/ussg.monclub.app\/subscription\" target=\"_blank\" rel=\"noreferrer noopener\">Adh\u00e9sion Via Mon Club<\/a><\/div>\n<\/div>\n\n\n\n<p>Nota: Si vous n&#8217;avez pas de compte sur l&#8217;application vous pouvez utiliser le code club: <strong>ussaintgilles35<\/strong><\/p>\n\n\n\n<div class=\"wp-block-buttons is-layout-flex wp-block-buttons-is-layout-flex\">\n<div class=\"wp-block-button is-style-outline is-style-outline--6\"><a class=\"wp-block-button__link wp-element-button\" href=\"https:\/\/ussgsectioncyclo.wordpress.com\/\" target=\"_blank\" rel=\"noreferrer noopener\">Le site des adh\u00e9rents<\/a><\/div>\n<\/div>\n\n\n\n<p><\/p>\n","protected":false},"excerpt":{"rendered":"<p>Acc\u00e8s rapide : Planning | Adh\u00e9sion | Randonn\u00e9es 35 | Le site des adh\u00e9rents Pr\u00e9sentation Notre section a pour but de rassembler les amoureux de &hellip; <\/p>\n","protected":false},"author":1,"featured_media":0,"parent":75,"menu_order":0,"comment_status":"closed","ping_status":"closed","template":"","meta":{"_editorskit_title_hidden":false,"_editorskit_reading_time":0,"_editorskit_is_block_options_detached":false,"_editorskit_block_options_position":"{}","footnotes":""},"class_list":["post-275","page","type-page","status-publish","hentry"],"_links":{"self":[{"href":"https:\/\/www.us-saintgilles35.org\/index.php\/wp-json\/wp\/v2\/pages\/275","targetHints":{"allow":["GET"]}}],"collection":[{"href":"https:\/\/www.us-saintgilles35.org\/index.php\/wp-json\/wp\/v2\/pages"}],"about":[{"href":"https:\/\/www.us-saintgilles35.org\/index.php\/wp-json\/wp\/v2\/types\/page"}],"author":[{"embeddable":true,"href":"https:\/\/www.us-saintgilles35.org\/index.php\/wp-json\/wp\/v2\/users\/1"}],"replies":[{"embeddable":true,"href":"https:\/\/www.us-saintgilles35.org\/index.php\/wp-json\/wp\/v2\/comments?post=275"}],"version-history":[{"count":40,"href":"https:\/\/www.us-saintgilles35.org\/index.php\/wp-json\/wp\/v2\/pages\/275\/revisions"}],"predecessor-version":[{"id":1041,"href":"https:\/\/www.us-saintgilles35.org\/index.php\/wp-json\/wp\/v2\/pages\/275\/revisions\/1041"}],"up":[{"embeddable":true,"href":"https:\/\/www.us-saintgilles35.org\/index.php\/wp-json\/wp\/v2\/pages\/75"}],"wp:attachment":[{"href":"https:\/\/www.us-saintgilles35.org\/index.php\/wp-json\/wp\/v2\/media?parent=275"}],"curies":[{"name":"wp","href":"https:\/\/api.w.org\/{rel}","templated":true}]}}