{"id":281,"date":"2023-11-29T22:30:11","date_gmt":"2023-11-29T21:30:11","guid":{"rendered":"https:\/\/www.us-saintgilles35.org\/?page_id=281"},"modified":"2025-09-10T10:16:56","modified_gmt":"2025-09-10T08:16:56","slug":"handball","status":"publish","type":"page","link":"https:\/\/www.us-saintgilles35.org\/index.php\/les-sections\/handball\/","title":{"rendered":"Handball"},"content":{"rendered":"\n<blockquote class=\"wp-block-quote is-layout-flow wp-block-quote-is-layout-flow\" id=\"pr\u00e9sentation\">\n<p>Acc\u00e8s rapide :<\/p>\n<cite><em><a class=\"quicklinks\" href=\"#planning\">Planning<\/a> | <a class=\"quicklinks\" href=\"#tarifs\">Tarifs<\/a> | <a class=\"quicklinks\" href=\"#ficheadhesion\">Fiche adh\u00e9sion<\/a><\/em> <\/cite><\/blockquote>\n\n\n\n<figure class=\"wp-block-table\"><table><tbody><tr><td><\/td><td><div id=\"metaslider-id-163\" style=\"width: 100%;\" class=\"ml-slider-3-60-1 metaslider metaslider-flex metaslider-163 ml-slider ms-theme-default nav-hidden\" role=\"region\" aria-roledescription=\"Slideshow\" aria-label=\"HandBall\">\n    <div id=\"metaslider_container_163\">\n        <div id=\"metaslider_163\">\n            <ul aria-live=\"polite\" class=\"slides\">\n                <li style=\"display: block; width: 100%;\" class=\"slide-772 ms-image\" aria-roledescription=\"slide\" aria-label=\"slide-772\"><img loading=\"lazy\" decoding=\"async\" src=\"https:\/\/www.us-saintgilles35.org\/wp-content\/uploads\/2024\/06\/20240525_185322-1-scaled-1400x600.jpg\" height=\"600\" width=\"1400\" alt=\"\" class=\"slider-163 slide-772\" title=\"20240525_185322\" \/><\/li>\n                <li style=\"display: none; width: 100%;\" class=\"slide-774 ms-image\" aria-roledescription=\"slide\" aria-label=\"slide-774\"><img loading=\"lazy\" decoding=\"async\" src=\"https:\/\/www.us-saintgilles35.org\/wp-content\/uploads\/2024\/06\/IMG-20240617-WA0002-1400x600.jpg\" height=\"600\" width=\"1400\" alt=\"\" class=\"slider-163 slide-774\" title=\"IMG-20240617-WA0002\" \/><\/li>\n                <li style=\"display: none; width: 100%;\" class=\"slide-776 ms-image\" aria-roledescription=\"slide\" aria-label=\"slide-776\"><img loading=\"lazy\" decoding=\"async\" src=\"https:\/\/www.us-saintgilles35.org\/wp-content\/uploads\/2024\/06\/IMG-20240629-WA0009-1400x600.jpg\" height=\"600\" width=\"1400\" alt=\"\" class=\"slider-163 slide-776\" title=\"IMG-20240629-WA0009\" \/><\/li>\n            <\/ul>\n        <\/div>\n        \n    <\/div>\n<\/div><\/td><\/tr><\/tbody><\/table><\/figure>\n\n\n\n<h2 class=\"wp-block-heading\">Pr\u00e9sentation<\/h2>\n\n\n\n<p>Notre club a \u00e9t\u00e9 cr\u00e9\u00e9 en 2007 et a \u00e9volu\u00e9 avec les ann\u00e9es pour aujourd\u2019hui atteindre 200 licenci\u00e9s.<br>Apr\u00e8s de nombreuses ann\u00e9es, Jean-Michel POT et Val\u00e9rie PRESSE ont laiss\u00e9 la direction de la section \u00e0&nbsp;:<\/p>\n\n\n\n<figure class=\"wp-block-table\"><table class=\"has-fixed-layout\"><tbody><tr><td><img loading=\"lazy\" decoding=\"async\" width=\"107\" height=\"110\" class=\"wp-image-1164\" style=\"width: 107px;\" src=\"https:\/\/www.us-saintgilles35.org\/wp-content\/uploads\/2025\/07\/Dirigeant1.jpg\" alt=\"\"><\/td><td><strong>Responsable de section:<\/strong> Fabrice THOMAS RAMADIER<\/td><\/tr><tr><td><img loading=\"lazy\" decoding=\"async\" width=\"133\" height=\"114\" class=\"wp-image-1165\" style=\"width: 133px;\" src=\"https:\/\/www.us-saintgilles35.org\/wp-content\/uploads\/2025\/07\/dirigeant2.jpg\" alt=\"\"><\/td><td><strong>Responsable adjoint<\/strong>: David DUSSAUX<\/td><\/tr><tr><td><img loading=\"lazy\" decoding=\"async\" width=\"109\" height=\"120\" class=\"wp-image-1166\" style=\"width: 109px;\" src=\"https:\/\/www.us-saintgilles35.org\/wp-content\/uploads\/2025\/07\/dirigeant3.jpg\" alt=\"\"><\/td><td><strong>Tr\u00e9sori\u00e8re:<\/strong> Christelle Magon<\/td><\/tr><tr><td><img loading=\"lazy\" decoding=\"async\" width=\"112\" height=\"120\" class=\"wp-image-1167\" style=\"width: 112px;\" src=\"https:\/\/www.us-saintgilles35.org\/wp-content\/uploads\/2025\/07\/dirigeant4.jpg\" alt=\"\"><\/td><td><strong>Tr\u00e9sorier:<\/strong> Christophe DALPONTE<\/td><\/tr><tr><td><img loading=\"lazy\" decoding=\"async\" width=\"111\" height=\"127\" class=\"wp-image-1168\" style=\"width: 111px;\" src=\"https:\/\/www.us-saintgilles35.org\/wp-content\/uploads\/2025\/07\/dirigeant5.jpg\" alt=\"\"><\/td><td><strong>Secr\u00e9taire<\/strong>: Romain CLOTEAUX<\/td><\/tr><tr><td><img loading=\"lazy\" decoding=\"async\" width=\"116\" height=\"125\" class=\"wp-image-1169\" style=\"width: 116px;\" src=\"https:\/\/www.us-saintgilles35.org\/wp-content\/uploads\/2025\/07\/dirigeant6.jpg\" alt=\"\"><\/td><td><strong>Secr\u00e9taire:<\/strong> Emmanuel POT<\/td><\/tr><\/tbody><\/table><\/figure>\n\n\n<div class=\"wp-block-image\">\n<figure class=\"aligncenter size-full is-resized\"><img loading=\"lazy\" decoding=\"async\" width=\"412\" height=\"274\" src=\"https:\/\/www.us-saintgilles35.org\/wp-content\/uploads\/2025\/07\/Photo2025.jpg\" alt=\"\" class=\"wp-image-1170\" style=\"width:498px;height:auto\" srcset=\"https:\/\/www.us-saintgilles35.org\/wp-content\/uploads\/2025\/07\/Photo2025.jpg 412w, https:\/\/www.us-saintgilles35.org\/wp-content\/uploads\/2025\/07\/Photo2025-300x200.jpg 300w\" sizes=\"auto, (max-width: 412px) 100vw, 412px\" \/><figcaption class=\"wp-element-caption\">Cyril MAGON, Mickael LORAND, Antoine DUSSAUX, Th\u00e9o MAGON, Klervi POT et Arnaud FRIGOULT<\/figcaption><\/figure>\n<\/div>\n\n\n<h2 class=\"wp-block-heading\">Organisation<\/h2>\n\n\n\n<p>Notre section est compos\u00e9e d\u2019\u00e9quipes allant du baby hand aux seniors sans oublier le groupe loisir.<\/p>\n\n\n\n<figure class=\"wp-block-image size-full\"><img loading=\"lazy\" decoding=\"async\" width=\"136\" height=\"124\" src=\"https:\/\/www.us-saintgilles35.org\/wp-content\/uploads\/2025\/07\/Saint-Macary.jpg\" alt=\"\" class=\"wp-image-1171\"\/><figcaption class=\"wp-element-caption\">Steven, notre \u00e9ducateur sportive salari\u00e9e, dispense les cours sur l\u2019ensemble des cat\u00e9gories hormis les loisirs qui sont pris en charge par des b\u00e9n\u00e9voles. Celui-ci a permis au \u00e9quipe s\u00e9niors d\u2019\u00e9voluer 1\u00e8re Division Territoriale<\/figcaption><\/figure>\n\n\n\n<p>Suite au COVID, les sections f\u00e9minines ont vu leurs chiffres baiss\u00e9s. Afin de permettre aux joueuses de s\u2019\u00e9panouir entre filles, une entente existe avec Broc\u00e9li\u2019hand pour les sections de U13 \u00e0 U18. Pour les U11 et les seniors nous poss\u00e9dons toujours des \u00e9quipes au sein de la section.<br><br>Notre club est ouvert \u00e0 toute personne voulant pratiquer notre activit\u00e9 et d\u00e9fendre les valeurs sportives du handball.<\/p>\n\n\n\n<h2 class=\"wp-block-heading\">Liens utiles<\/h2>\n\n\n\n<p>1, <a href=\"https:\/\/drive.google.com\/file\/d\/1kE58Wlkh2w-Y24LiFo_7Pmm6bbDqqwQ0\/view?usp=drive_link\">Dossier d&#8217;inscription &#8211; Google&nbsp;Drive<\/a><\/p>\n\n\n\n<p>2, <a href=\"https:\/\/drive.google.com\/file\/d\/1PHxPPB_1mep7qjwzPWs2E8zwD3vI7EOT\/view?usp=drive_link\">Information Utile (Entrainement et tarif)<\/a><\/p>\n\n\n\n<p>3, <a href=\"https:\/\/gesthand.net\/ihand-central\/public\/individu\/inscription\/3935?crtl=e73b33fab8677490b975cd379a736c99d77bd8f5\">Inscription \u00e0 la f\u00e9d\u00e9ration<\/a><br><br>N\u2019h\u00e9sitez pas \u00e0 nous contacter par mail <a href=\"mailto:hand@us-saintgilles35.org\">hand@us-saintgilles35.org<\/a> pour tout renseignement sportif et d\u2019organisatio<\/p>\n\n\n\n<div class=\"wp-block-buttons is-layout-flex wp-block-buttons-is-layout-flex\"><\/div>\n\n\n\n<h2 class=\"wp-block-heading\" id=\"planning\">Planning<\/h2>\n\n\n\n<figure class=\"wp-block-table\"><table><tbody><tr><td>Lundi<\/td><td>11 ans filles (pedibus \u00e9cole)<br>&#8211; 18 ans hommes<\/td><td>17h \u2013 18h30<br>18h30 \u2013 20h<\/td><\/tr><tr><td>Mardi<\/td><td>&#8211; 13 ans mixte, &#8211; 15 gar\u00e7ons<br>&#8211; s\u00e9niors femmes<br>&#8211; seniors hommes<\/td><td>18h \u2013 19h15<br>19h15 \u2013 20h45<br>20h45 \u2013 22h30<\/td><\/tr><tr><td>Mercredi<\/td><td>&#8211; 11 ans mixte (pedibus centre a\u00e9r\u00e9)<br> &#8211; 18 ans hommes<br>Loisirs<\/td><td>10h30 \u2013 12h<br>19h \u2013 20h30<br>20h30 \u2013 22h<\/td><\/tr><tr><td>Jeudi<\/td><td>&#8211; 15 ans hommes<br>&#8211; s\u00e9niors hommes et femmes<\/td><td>19h45 \u2013 20h30<br>20h30-22h<\/td><\/tr><tr><td>Vendredi<\/td><td>&#8211;  11 ans gar\u00e7on (pedibus \u00e9cole)<br>&#8211; 13 ans mixes<br>&#8211; 18 ans femmes<\/td><td>17h00 &#8211; 18h00<br>18h00 \u2013 19h15<br>19h30 \u2013 21h30<\/td><\/tr><tr><td>Samedi<\/td><td>Baby Hand (2018-2019)<br>\u00c9cole de hand (2016-2017)<\/td><td>9h30 \u2013 10h45<br>10h45 -12h<\/td><\/tr><\/tbody><\/table><\/figure>\n\n\n\n<h2 class=\"wp-block-heading\" id=\"tarifs\">Tarifs 2025-2026<\/h2>\n\n\n\n<figure class=\"wp-block-table\"><table><tbody><tr><td><strong>Cat\u00e9gorie<\/strong><\/td><td><strong>Cout inscription<\/strong><\/td><\/tr><tr><td>S\u00e9nior 2007 et avant<\/td><td>185\u20ac<\/td><\/tr><tr><td>Loisirs<\/td><td>110\u20ac<\/td><\/tr><tr><td>Dirigeant<\/td><td>20\u20ac<\/td><\/tr><tr><td>\u00c9cole de Hand<\/td><td>145\u20ac<\/td><\/tr><tr><td>Baby (2019-2020)<\/td><td>100\u20ac<\/td><\/tr><tr><td>Moins de 11 ans (2016-2015)<\/td><td>145\u20ac<\/td><\/tr><tr><td>Moins de 13 ans 2014<\/td><td>145\u20ac<\/td><\/tr><tr><td>Moins de 13 ans 2013<\/td><td>160\u20ac<\/td><\/tr><tr><td>Moins de 15 ans 2012-2011<\/td><td>160\u20ac<\/td><\/tr><tr><td>Moins de 18 ans 2010-2009<\/td><td>160\u20ac<\/td><\/tr><tr><td>Moins de 18 ans 2008<\/td><td>185\u20ac<\/td><\/tr><\/tbody><\/table><\/figure>\n\n\n\n<h2 class=\"wp-block-heading\" id=\"ficheadhesion\">Adh\u00e9sion<\/h2>\n\n\n\n<div class=\"wp-block-buttons is-layout-flex wp-block-buttons-is-layout-flex\">\n<div class=\"wp-block-button\"><a class=\"wp-block-button__link wp-element-button\" href=\"https:\/\/www.us-saintgilles35.org\/wp-content\/uploads\/2025\/07\/DOSSIER-DINSCRIPTION-2025.pdf\">Dossier d&#8217;inscription<\/a><\/div>\n<\/div>\n\n\n\n<div class=\"wp-block-buttons is-layout-flex wp-block-buttons-is-layout-flex\">\n<div class=\"wp-block-button\"><a class=\"wp-block-button__link wp-element-button\" href=\"https:\/\/www.us-saintgilles35.org\/wp-content\/uploads\/2025\/07\/Information-Utiles-2025.pdf\">Informations utililes<\/a><\/div>\n<\/div>\n","protected":false},"excerpt":{"rendered":"<p>Acc\u00e8s rapide : Planning | Tarifs | Fiche adh\u00e9sion Pr\u00e9sentation Notre club a \u00e9t\u00e9 cr\u00e9\u00e9 en 2007 et a \u00e9volu\u00e9 avec les ann\u00e9es pour aujourd\u2019hui &hellip; <\/p>\n","protected":false},"author":1,"featured_media":0,"parent":75,"menu_order":0,"comment_status":"closed","ping_status":"closed","template":"","meta":{"_editorskit_title_hidden":false,"_editorskit_reading_time":0,"_editorskit_is_block_options_detached":false,"_editorskit_block_options_position":"{}","footnotes":""},"class_list":["post-281","page","type-page","status-publish","hentry"],"_links":{"self":[{"href":"https:\/\/www.us-saintgilles35.org\/index.php\/wp-json\/wp\/v2\/pages\/281","targetHints":{"allow":["GET"]}}],"collection":[{"href":"https:\/\/www.us-saintgilles35.org\/index.php\/wp-json\/wp\/v2\/pages"}],"about":[{"href":"https:\/\/www.us-saintgilles35.org\/index.php\/wp-json\/wp\/v2\/types\/page"}],"author":[{"embeddable":true,"href":"https:\/\/www.us-saintgilles35.org\/index.php\/wp-json\/wp\/v2\/users\/1"}],"replies":[{"embeddable":true,"href":"https:\/\/www.us-saintgilles35.org\/index.php\/wp-json\/wp\/v2\/comments?post=281"}],"version-history":[{"count":22,"href":"https:\/\/www.us-saintgilles35.org\/index.php\/wp-json\/wp\/v2\/pages\/281\/revisions"}],"predecessor-version":[{"id":1240,"href":"https:\/\/www.us-saintgilles35.org\/index.php\/wp-json\/wp\/v2\/pages\/281\/revisions\/1240"}],"up":[{"embeddable":true,"href":"https:\/\/www.us-saintgilles35.org\/index.php\/wp-json\/wp\/v2\/pages\/75"}],"wp:attachment":[{"href":"https:\/\/www.us-saintgilles35.org\/index.php\/wp-json\/wp\/v2\/media?parent=281"}],"curies":[{"name":"wp","href":"https:\/\/api.w.org\/{rel}","templated":true}]}}