{"id":34,"date":"2023-11-25T19:26:09","date_gmt":"2023-11-25T18:26:09","guid":{"rendered":"https:\/\/www.us-saintgilles35.org\/?page_id=34"},"modified":"2025-09-29T09:52:30","modified_gmt":"2025-09-29T07:52:30","slug":"presentation-de-lussg","status":"publish","type":"page","link":"https:\/\/www.us-saintgilles35.org\/index.php\/lassociation\/presentation-de-lussg\/","title":{"rendered":"Pr\u00e9sentation de l\u2019USSG"},"content":{"rendered":"\n<p>L\u2019<strong>Union Sportive de Saint-Gilles<\/strong>&nbsp;est une association sportive de Loi 1901.<\/p>\n\n\n\n<p>Dans notre association, nous pouvons compter&nbsp;<strong>16 diff\u00e9rentes sections<\/strong>, c\u2019est \u00e0 dire que nous proposons \u00e0 nos adh\u00e9rents 16 diff\u00e9rents sports \u00e0 pratiquer pour leur bien-\u00eatre et pour les accompagner dans leur pratique sportive.<\/p>\n\n\n\n<p>On peut y retrouver :<\/p>\n\n\n\n<ul class=\"wp-block-list\">\n<li>Les adultes avec ses sections de sports et d\u2019\u00e9ducation physique et sportive<\/li>\n\n\n\n<li>Les enfants avec des sections sportives organis\u00e9es par les adultes au profit des enfants<\/li>\n<\/ul>\n\n\n\n<p>L\u2019Union Sportive de Saint Gilles comprend donc :<\/p>\n\n\n\n<p><em>Des sports de plein air :<\/em><\/p>\n\n\n\n<ul class=\"wp-block-list\">\n<li>la course \u00e0 pied<\/li>\n\n\n\n<li>le cyclo<\/li>\n\n\n\n<li>le football<\/li>\n\n\n\n<li>le palet<\/li>\n\n\n\n<li>la p\u00e9tanque<\/li>\n\n\n\n<li>la rando<\/li>\n<\/ul>\n\n\n\n<p><em>Des sports en salle :<\/em><\/p>\n\n\n\n<ul class=\"wp-block-list\">\n<li>le badminton<\/li>\n\n\n\n<li>le basketball<\/li>\n\n\n\n<li>la boxe tha\u00ef<\/li>\n\n\n\n<li>la gymnastique\/cross training\/fitness\/zumba<\/li>\n\n\n\n<li>le handball<\/li>\n\n\n\n<li>le hockey<\/li>\n\n\n\n<li>le nihon \/ ta\u00ef \/ jitsu<\/li>\n\n\n\n<li>le tennis<\/li>\n\n\n\n<li>le tennis de table<\/li>\n\n\n\n<li>le yoga<\/li>\n<\/ul>\n\n\n\n<p>L\u2019association met \u00e0 la disposition de ses adh\u00e9rents, ses moyens d\u2019activit\u00e9s sportives, \u00e9ducatives et r\u00e9cr\u00e9atives. Par ces moyens, l\u2019association contribue \u00e0 l\u2019<strong>animation de la commune de Saint-Gilles<\/strong>&nbsp;et \u00e0 la formation physique, civique et morale de ses membres.<\/p>\n\n\n\n<p>L\u2019association est ouverte \u00e0 tous dans le respect des convictions individuelles et dans l\u2019ind\u00e9pendance absolue \u00e0 l\u2019\u00e9gard des parties politiques et des groupements confessionnels.<\/p>\n\n\n\n<p>L\u2019association peut \u00eatre affili\u00e9e aux f\u00e9d\u00e9rations nationales des sports qu\u2019elle pratique dans chacune de ses sections. Les membres de l\u2019association peuvent faire partie de plusieurs sections.<\/p>\n\n\n\n<p>L\u2019Union Sportive de Saint Gilles est agr\u00e9\u00e9e par \u201cjeunesse et sports\u201d et est reconnue d\u2019utilit\u00e9 publique.<\/p>\n\n\n\n<p><strong>L\u2019association est dot\u00e9e d\u2019un bureau compos\u00e9 comme suit :<\/strong><\/p>\n\n\n\n<figure class=\"wp-block-table\"><table><tbody><tr><td><em>Pr\u00e9sident<\/em><\/td><td>R\u00e9gis Canteloup<\/td><td>regis.canteloup@gmail.com<\/td><\/tr><tr><td><em>Vice Pr\u00e9sident<\/em><\/td><td>Jean Michel Pot<\/td><td>pot.jeanmichel@gmail.com<\/td><\/tr><tr><td>Vice Pr\u00e9sident<\/td><td>Jacques Benzerara<\/td><td>jacques.benzerara@gmail.com<\/td><\/tr><tr><td><em>Secr\u00e9taire<\/em><\/td><td>Val\u00e9rie Presse<\/td><td>presse.valerie@orange.fr<\/td><\/tr><tr><td><em>Secr\u00e9taire adjointe<\/em><\/td><td>Julie Jan<\/td><td>gjbgjb@wanadoo.fr<\/td><\/tr><tr><td><em>Tr\u00e9sorier<\/em><\/td><td>Guy Ruelland<\/td><td>guy.ruelland@gmail.com<\/td><\/tr><tr><td><em>Tr\u00e9sori\u00e8re adjoint<\/em>e<\/td><td>Magalie Helloca<\/td><td>mag.helloco@laposte.net<\/td><\/tr><\/tbody><\/table><\/figure>\n\n\n\n<p><strong>L\u2019association est aussi dot\u00e9 d\u2019un conseil d\u2019administration (2023-2024) compos\u00e9 comme suit:<\/strong><\/p>\n\n\n\n<figure class=\"wp-block-table\"><table><tbody><tr><td>R\u00e9gis Canteloup<\/td><\/tr><tr><td>Jean-Michel Pot<\/td><\/tr><tr><td>Guy Ruelland<\/td><\/tr><tr><td>Jacques Benzerara<\/td><\/tr><tr><td>Val\u00e9rie Presse<\/td><\/tr><tr><td>Julie Jan<\/td><\/tr><tr><td>Laurence Didier<\/td><\/tr><tr><td>Argan Le Mouel<\/td><\/tr><tr><td>Magalie Helloco<\/td><\/tr><tr><td>Yolande Hilairet<\/td><\/tr><tr><td>Charl\u00e8ne Eon<\/td><\/tr><\/tbody><\/table><\/figure>\n\n\n\n<p><strong>Le conseil de Section<\/strong><\/p>\n\n\n\n<p>le conseil de sections est compos\u00e9 de 2 repr\u00e9sentants par section nomm\u00e9s en d\u00e9but de saison. Il a pour but de faire le lien entre le CA et les sections. Il n\u2019a pas de pouvoir de d\u00e9cision mais il est force de proposition<\/p>\n\n\n\n<p><strong>Localisation de l\u2019USSG<\/strong><\/p>\n\n\n\n<p>Le bureau de l\u2019US se trouve actuellement au 2 rue des sports \u00e0 Saint Gilles. (local attenant aux salles de sports)<\/p>\n\n\n\n<p>Le contact du secr\u00e9tariat est le n\u00b0 suivant : 02 99 64 62 35<\/p>\n\n\n\n<p>Pour nous envoyer un mail : ussg@outlook.fr<\/p>\n\n\n\n<p><strong><em>Les horaires d\u2019ouverture sont les suivants :<\/em><\/strong><\/p>\n\n\n\n<p>Lundi : 16h \u2013 18h<\/p>\n\n\n\n<p>Mercredi : 11h \u2013 12h \/ 14h \u2013 17h<\/p>\n\n\n\n<p>Vendredi : 11h \u2013 12h \/ 14h \u2013 17h<\/p>\n","protected":false},"excerpt":{"rendered":"<p>L\u2019Union Sportive de Saint-Gilles&nbsp;est une association sportive de Loi 1901. Dans notre association, nous pouvons compter&nbsp;16 diff\u00e9rentes sections, c\u2019est \u00e0 dire que nous proposons \u00e0 &hellip; <\/p>\n","protected":false},"author":1,"featured_media":0,"parent":32,"menu_order":0,"comment_status":"closed","ping_status":"closed","template":"","meta":{"_editorskit_title_hidden":false,"_editorskit_reading_time":0,"_editorskit_is_block_options_detached":false,"_editorskit_block_options_position":"{}","footnotes":""},"class_list":["post-34","page","type-page","status-publish","hentry"],"_links":{"self":[{"href":"https:\/\/www.us-saintgilles35.org\/index.php\/wp-json\/wp\/v2\/pages\/34","targetHints":{"allow":["GET"]}}],"collection":[{"href":"https:\/\/www.us-saintgilles35.org\/index.php\/wp-json\/wp\/v2\/pages"}],"about":[{"href":"https:\/\/www.us-saintgilles35.org\/index.php\/wp-json\/wp\/v2\/types\/page"}],"author":[{"embeddable":true,"href":"https:\/\/www.us-saintgilles35.org\/index.php\/wp-json\/wp\/v2\/users\/1"}],"replies":[{"embeddable":true,"href":"https:\/\/www.us-saintgilles35.org\/index.php\/wp-json\/wp\/v2\/comments?post=34"}],"version-history":[{"count":8,"href":"https:\/\/www.us-saintgilles35.org\/index.php\/wp-json\/wp\/v2\/pages\/34\/revisions"}],"predecessor-version":[{"id":1262,"href":"https:\/\/www.us-saintgilles35.org\/index.php\/wp-json\/wp\/v2\/pages\/34\/revisions\/1262"}],"up":[{"embeddable":true,"href":"https:\/\/www.us-saintgilles35.org\/index.php\/wp-json\/wp\/v2\/pages\/32"}],"wp:attachment":[{"href":"https:\/\/www.us-saintgilles35.org\/index.php\/wp-json\/wp\/v2\/media?parent=34"}],"curies":[{"name":"wp","href":"https:\/\/api.w.org\/{rel}","templated":true}]}}