{"id":45,"date":"2023-11-25T19:33:23","date_gmt":"2023-11-25T18:33:23","guid":{"rendered":"https:\/\/www.us-saintgilles35.org\/?page_id=45"},"modified":"2023-11-25T19:58:53","modified_gmt":"2023-11-25T18:58:53","slug":"reglement","status":"publish","type":"page","link":"https:\/\/www.us-saintgilles35.org\/index.php\/lassociation\/reglement\/","title":{"rendered":"R\u00e8glement"},"content":{"rendered":"\n<div class=\"wp-block-file\"><a id=\"wp-block-file--media-d2921277-4f82-47b3-be75-6b0177c53c95\" href=\"https:\/\/www.us-saintgilles35.org\/wp-content\/uploads\/2023\/11\/Reglement-Interieur-USSG.pdf\"><a href=\"https:\/\/web.archive.org\/web\/20230326085654\/https:\/\/www.us-saintgilles35.org\/wordpress\/wp-content\/uploads\/2021\/05\/Re%CC%81glement-Inte%CC%81rieur-USSG.pdf\">R\u00e8glement Int\u00e9rieur USSG<\/a><\/a><a href=\"https:\/\/www.us-saintgilles35.org\/wp-content\/uploads\/2023\/11\/Reglement-Interieur-USSG.pdf\" class=\"wp-block-file__button wp-element-button\" download aria-describedby=\"wp-block-file--media-d2921277-4f82-47b3-be75-6b0177c53c95\">T\u00e9l\u00e9charger<\/a><\/div>\n","protected":false},"excerpt":{"rendered":"<p>R\u00e8glement Int\u00e9rieur USSGT\u00e9l\u00e9charger<\/p>\n","protected":false},"author":1,"featured_media":0,"parent":32,"menu_order":0,"comment_status":"closed","ping_status":"closed","template":"","meta":{"_editorskit_title_hidden":false,"_editorskit_reading_time":0,"_editorskit_is_block_options_detached":false,"_editorskit_block_options_position":"{}","footnotes":""},"class_list":["post-45","page","type-page","status-publish","hentry"],"_links":{"self":[{"href":"https:\/\/www.us-saintgilles35.org\/index.php\/wp-json\/wp\/v2\/pages\/45","targetHints":{"allow":["GET"]}}],"collection":[{"href":"https:\/\/www.us-saintgilles35.org\/index.php\/wp-json\/wp\/v2\/pages"}],"about":[{"href":"https:\/\/www.us-saintgilles35.org\/index.php\/wp-json\/wp\/v2\/types\/page"}],"author":[{"embeddable":true,"href":"https:\/\/www.us-saintgilles35.org\/index.php\/wp-json\/wp\/v2\/users\/1"}],"replies":[{"embeddable":true,"href":"https:\/\/www.us-saintgilles35.org\/index.php\/wp-json\/wp\/v2\/comments?post=45"}],"version-history":[{"count":4,"href":"https:\/\/www.us-saintgilles35.org\/index.php\/wp-json\/wp\/v2\/pages\/45\/revisions"}],"predecessor-version":[{"id":68,"href":"https:\/\/www.us-saintgilles35.org\/index.php\/wp-json\/wp\/v2\/pages\/45\/revisions\/68"}],"up":[{"embeddable":true,"href":"https:\/\/www.us-saintgilles35.org\/index.php\/wp-json\/wp\/v2\/pages\/32"}],"wp:attachment":[{"href":"https:\/\/www.us-saintgilles35.org\/index.php\/wp-json\/wp\/v2\/media?parent=45"}],"curies":[{"name":"wp","href":"https:\/\/api.w.org\/{rel}","templated":true}]}}